 0 + -36 - 11 - (-26 + 34)?
-55
What is the value of (-35 - -42) + (-4 - (-16 + 5) - (-60 + 5))?
69
Calculate (-52 + 2 - (-434 + 403)) + 9 + 98.
88
Evaluate (21 - (4 - -26)) + -69 + 14 + 3 + -3.
-64
Calculate (310 - 299) + (-11 - -3).
3
What is the value of -36 + 36 + 2 + 12 + -1 + 3 + 27?
43
Evaluate 26 + (200 - 209) + (-4 - 0) + -46.
-33
What is the value of (-21 - 19) + 3 + 13 + 11?
-13
What is (-5 - (-13 + 28)) + -6 + -19?
-45
What is 15 - (-175 - -188 - (8 + -1)) - -18?
27
Evaluate -90 - (-100 - -59 - 50).
1
What is the value of (1541 - 1527) + (54 - -1)?
69
Calculate (-10 - 8 - (-7 + 7)) + -27.
-45
What is 1 + -25 + 439 + -433 + -5?
-23
What is the value of (9 - (6 + 4 - -10)) + 0 + 3?
-8
-62 + (-12 - -32) - (-9 + -4)
-29
What is 67 + (-55 - (-86 - -79))?
19
-1 + 75 - (15 + (-18 - (18 - 19)))
76
What is 44 + 12 + -25 + -5 + 30 + -20 + -2?
34
Evaluate 3 + -5 + 27 + -12.
13
Calculate (71 - 75) + -59 + 29.
-34
(2 - (14 - 3) - -2) + 2 + -51
-56
Evaluate (-11 - 10 - -19 - -26) + 0 + 0 + -10.
14
What is 2 + 24 + -39 - 12 - -1?
-24
Evaluate 41 - (13 + -21 + 90).
-41
Calculate 12 - 32 - -16 - (42 - -42).
-88
Calculate (0 - -33) + (3397 - 3415) - -16.
31
What is the value of 17 + (-6 - -12) + -4 + -3 - -11?
27
What is the value of -51 - (-152 + -33 + 83)?
51
Calculate (13 + -5 - -9) + -36 - -108.
89
54 - (-16 + 21 + 23 + 4)
22
Evaluate -113 + -59 + 164 + (1 - -3).
-4
-18 - (-34 - (147 + -66))
97
What is (18 - 93) + 71 + -2?
-6
What is the value of -20 + 1 + -8 + 2 + (7 - 6) + 8?
-16
What is the value of (-19 - -31 - -1) + -2 + -34?
-23
What is the value of (-91 - 9 - -13) + (-42 - -65)?
-64
What is the value of (-1 - -7) + (-86 - (7 + -55)) + 0?
-32
Calculate 17 + (9 - (19 - 2) - -13).
22
(5149 - 5103) + (36 - -2)
84
Evaluate 17 - (2 + 0 - -2 - (3562 + -3570)).
5
Evaluate -108 - ((-100 - -143) + -135).
-16
-24 + (45 - -15) + -39
-3
5 - ((-4 - 53) + 2 + 7 + 70 + -57)
40
(-1 - -1) + -79 - (3 - (21 - 15))
-76
Evaluate 80 - (35 - -22) - 14.
9
What is -31 - (100 - 45 - 131)?
45
Evaluate -38 - (2 + (-20 - -7) + 17 + -3 + -3).
-38
Evaluate 9 - (-23 + 1 + 12 + 12 + (2 - 3)).
8
What is the value of (1 - -22) + (38 - 122) - 7?
-68
(20 + -99 - -81) + -40
-38
5 + (1 - -46 - 26)
26
Evaluate (-3 - -1 - 62) + 149 + -52 + -100.
-67
What is -64 + (-24 - (10 + -57))?
-41
What is the value of -27 + 6 + 33 + 2 - -24?
38
Calculate -13 - ((3 - -1) + (-53 - 10) + -33).
79
Evaluate 19 - 46 - -33 - (-1 + 2 - 53) - 8.
50
-6 - (-124 - -112 - (-19 + 2))
-11
What is 7 + 32 - (16 + -22)?
45
Calculate -795 + 713 - (-212 - 5).
135
What is 112 + (-21 - 8 - -23 - (-2 + 1)) + -3?
104
51 + 61 + 14 + -51
75
Evaluate 15 + (1 + -2 - -10 - 6) + (0 - 2).
16
What is -5 - -22 - (3 - -7) - (-95 - 3 - 0)?
105
(1 - 4) + (20 - 20) - (13 - (-10 + 1))
-25
What is (96 - (-31 - -120)) + 11?
18
What is -69 + (15 - (-17 + (7 - -6)))?
-50
Evaluate -3886 + 3882 + (2 - (-1 - -39 - (0 - 0))).
-40
What is 127 - (-26 + 30 + 50)?
73
What is the value of 69 - (80 + -40 + -59)?
88
What is 0 - (-44 + 11 - -14) - -5?
24
What is the value of 54 - (-30 + (-9 - -30 - -26))?
37
Evaluate (-120 - 0) + 1424 + -1407 + 0 + 1.
-102
What is the value of -603 - -596 - (-20 - -2)?
11
Evaluate (175 - 191) + 13 + -10.
-13
Evaluate -36 + -9 + 39 + (2 - -73) + 4.
73
-15 + -56 + (-14 - -25) - -33
-27
87 + -19 - -17 - (12 + -3 + -9 + 11)
74
Evaluate (151 - (-202 - -312)) + (41 - 1).
81
What is the value of -4 - (17 + -12) - ((-11 - 1) + 17) - -13?
-1
Evaluate 15 + (17 - (-11 + 53)) + (48 - 0).
38
Evaluate 15 + 9 + 11 + -34 - (18 - 0).
-17
(30 - 73 - -13) + 80 + -8
42
(-42 - (-44 + 15)) + 13 - ((-1 - -56) + 2)
-57
Calculate (-22 - -6 - 21) + (-13 - -10 - -10).
-30
What is -22 - (8 + -1 - (7 - (15 + (-9 - 5))))?
-23
-59 + 16 + 0 - -23
-20
What is -6626 + 6637 - (1 - 32)?
42
-20 + ((-2 - 22) + 37 - -15)
8
What is -21 + -22 + 58 - (-2 - -80 - 2)?
-61
What is the value of -6 - (20 - ((-8 - -34) + -15))?
-15
Evaluate (142 - 88 - 149) + 166.
71
72 - (0 - 1) - ((-46 - 15) + 64)
70
What is (-12 - -146 - 137) + 105?
102
What is the value of (-137 + 104 - (11 - 147)) + -23?
80
What is the value of 12 + (119 - 143 - (-2 + 3)) + 0 + -65?
-78
What is -4 + (77 + -59 - 37)?
-23
What is 89 + -2 + -2758 + 2709?
38
-44 + 75 + -69 - -44
6
What is the value of 39 - (4 + -34 + -11) - 38?
42
What is the value of (10 - (-5 + 12) - 25) + (-10 - (2 + -9))?
-25
What is -1681 + 1587 + (-4 + -1 - ((1 - 2) + 4))?
-102
(22 - 23) + -1 + 3 + (8 - (-9 - -9))
9
Evaluate (61 - (-3 - -5)) + -129 + 105.
35
What is -1 + 11 - (8 + (6 + -10 - -9)) - 86?
-89
What is -2 - (-13 - -6) - 9 - (-6 - 6) - 7?
1
Evaluate -7 - ((63 - (-1 - -12)) + (-10 + 32 - 35)).
-46
What is -6 + -1 - 1 - (43 - 103) - (-1 + 14)?
39
What is the value of (51 + -159 - -39) + 76?
7
Evaluate 472 + -436 - (125 - (6 - 6)).
-89
What is the value of 103 + (-68 - 55 - -62)?
42
What is (12 - (1 + -6 + 10 + 7)) + -37?
-37
What is -69 + (9 - 26) + (-18 - -43)?
-61
Evaluate 5 + 10 + (-31 + 0 - -51).
35
Evaluate -14 - (2 - 10 - (50 + 36 - 15)).
65
What is the value of (148 + 16 - 169) + (2 - 0) + 14?
11
(-19 - -52) + -162 - -35
-94
Evaluate (-149 - -392 - 147) + -236.
-140
What is -11 + 35 + -9 + -74 + 5?
-54
36 + (16 - 5) + -5 - (6 - 4)
40
Evaluate -282 + 392 + 0 + 4 + -2 + 7 + -14.
105
Evaluate 15 + (60 - (106 + 36)).
-67
Evaluate -23 - (-4 - -8) - -4 - -7 - -12.
-4
-5 - (-50 + 25) - 27 - -105
98
(10 - 1 - 0) + (-2481 - -2481) + (-2 - 47)
-40
Calculate (-119 + 66 - -94) + -56.
-15
Calculate (-78 - 22) + 112 + 48.
60
What is the value of -13 - (-28 - 110) - 44?
81
Calculate -1 - 0 - 34 - (9281 + -9269).
-47
What is 17 - (11 + 1 - (63 + (25 - 76)))?
17
Calculate -31 + -13 + -3 + 32 - -75.
60
Evaluate 11 + -25 - (1 + 82 + 2 - (18 + -18)).
-99
-10 - 35 - (377 + -414)
-8
117 + 9 - -12 - 104
34
Calculate -13 + -10 + (14 - (28 + -40)).
3
What is 28 - (-36 + 17 + 9 - -2)?
36
What is 5 + -10 + 15 + -16 + -26 + (10 - 1)?
-23
Evaluate -10 + (-103 - -65) + -28.
-76
What is the value of (91 - 45 - 29) + (4 - 17)?
4
Evaluate -58 + 79 + -14 + 2 + (1 - 2).
8
Calculate -83 + 12 + 65 + 48.
42
What is (-2 - -50) + -12 + (17 - (10 - (-7 + 11)))?
47
Evaluate 793 - 805 - (-5 + -44 + -2).
39
Evaluate -6 + -8 + 10 + -9 + -18.
-31
Calculate (-1 - 5) + -5 + (-962 - -946).
-27
(495 - 475) + 57 + -9
68
What is 12 + (-6 - -13) + -40 + 66?
45
Calculate 51 - (56 + -76 - -21).
50
Evaluate 100 + -197 + 83 - (-3 + 0 - -4).
-15
What is -82 - (73 - 85) - 17?
-87
What is the value of -5 - (67 - 20 - (6 + -3 - 1))?
-50
What is (22 - 14 - (-3 - -5 - -5)) + (11 - -75)?
87
-339 - -345 - ((19 - -1) + (0 - -5))
-19
What is the value of 72 - (10 + 30 + -22 - (2 + 8))?
64
Evaluate 197 - (43 - (-117 - -77)).
114
-12 + (16 - -13) + 9 - 13 - -15
28
What is the value of (22 - (1 + -4 + 19 + (-33 - -14))) + 6?
31
What is the value of 6 + 1 - (29 + -22 - -13)?
-13
What is -47 + 71 - (6 - (0 + -23))?
-5
What is -158 + -1 + (-194 - (-439 + 218))?
-132
Evaluate -2 - 31 - (196 - 32 - 133).
-64
-2 + 12 + -12 + 35 + (3 + 2 - -6)
44
What is -39 - (-45 + (158 - 151))?
-1
Calculate -132 - (41 + (-28 + 14 - 12) + -3 + -6).
-138
Evaluate -103 + 73 + (2 - 8) + 13.
-23
Calculate -15 + (84 - 0 - (-152 - -291 - 117)).
47
What is -63 + -11 - (40 - 128)?
14
What is the value of 96 + (5 - (3 - (4 - -9) - (-53 - -30)))?
88
What is the value of (22 - -63) + -64 - -50?
71
Calculate -5 - (8 - (12 - (0 + -5))) - (0 + -43).
47
Evaluate -40 + 108 + -104 + (7 - 28).
-57
Calculate (78 - 175 - -43) + (-1 - -34).
-21
111 - (50 - (6 + -165))
-98
69 - 5 - (-21 + 52)
33
What is the value of (27 + 6 - (-11 + 30)) + (85 - -2)?
101
What is (-220 - (-181 + 34)) + (25 - 0)?
-48
(2 - -15) + (-134 - -122)
5
Calculate 26 - (-109 + 100) - -51.
86
What is the value of 66 + 7 + 12 + -4 + -21 + 12 + -6?
66
(487 - 477) + (36 - (4 - 3))
45
Evaluate (80 - (7 + 58)) + -49.
-34
Evaluate 45 - 16 - (0 + 103 + -13).
-61
What is the value of (102 - ((-25 - -53) + -24)) + (2 - -20)?
120
Evaluate 16 + 0 + -4 + (-72 - -95).
35
Evaluate 1 - (3 + (-2 - -1) + 8 + -144 + 134).
1
Calculate 113 + -52 + -7 + -16.
38
What is (-5 - (2 + -3) - (0 - 2)) + 19 + 1?
18
What is -33 + -12 + 27 + -12 + -48?
-78
Calculate -65 + (-38 + 28 - (17 - 6)).
-86
Calculate 12 - (-7 - -98) - 12.
-91
What is the value of (-6 - (-4 + -